f 129 and 6461298.
3
What is the highest common divisor of 111752 and 134444?
244
What is the highest common divisor of 879755061 and 2637?
879
What is the highest common factor of 145 and 377960190?
145
What is the greatest common factor of 2681 and 1437?
1
What is the greatest common factor of 993 and 4604541?
993
What is the highest common divisor of 273 and 101511137?
91
What is the highest common factor of 13 and 1180080473?
13
What is the greatest common divisor of 90992 and 80?
16
Calculate the greatest common divisor of 9605 and 7699368.
1921
What is the highest common factor of 47805 and 6900?
15
Calculate the greatest common divisor of 100873079 and 8979.
2993
Calculate the greatest common divisor of 47601 and 4542759.
369
Calculate the greatest common factor of 669 and 156493149.
669
Calculate the greatest common factor of 705 and 473640.
15
What is the highest common divisor of 2527915 and 1300?
65
What is the highest common factor of 243794 and 617938?
158
What is the highest common divisor of 6105 and 3051205?
185
What is the greatest common factor of 58 and 373113072?
58
What is the highest common divisor of 12291 and 79108973?
4097
What is the greatest common factor of 205142880 and 16?
16
Calculate the highest common factor of 211193787 and 3.
3
Calculate the highest common divisor of 4142047 and 5937.
1979
What is the greatest common factor of 63454303 and 1445840?
18073
Calculate the highest common factor of 352716 and 9373392.
1428
What is the highest common divisor of 110629731 and 1?
1
What is the highest common factor of 25454534 and 356?
178
What is the greatest common factor of 78859287 and 252?
9
What is the greatest common factor of 1300710385 and 65?
65
What is the highest common divisor of 287 and 550343?
41
Calculate the greatest common factor of 1573488961 and 7381.
7381
What is the highest common factor of 8 and 3761236?
4
Calculate the greatest common divisor of 450656 and 7264.
32
Calculate the highest common factor of 648384224 and 712.
712
What is the highest common factor of 32490 and 72?
18
What is the greatest common factor of 96 and 6191718?
6
Calculate the highest common divisor of 5829 and 273789.
87
Calculate the greatest common factor of 752 and 102366564.
188
What is the greatest common factor of 207 and 1198089?
9
What is the greatest common factor of 567 and 83518533?
567
Calculate the greatest common divisor of 1722112 and 137423.
961
Calculate the greatest common divisor of 73519546 and 5428.
2714
What is the greatest common factor of 348090 and 195570?
1230
Calculate the highest common factor of 286599 and 415511.
1151
Calculate the greatest common divisor of 117333294 and 8253.
393
What is the greatest common divisor of 85 and 33714145?
85
What is the highest common divisor of 6810701 and 1073?
37
Calculate the highest common factor of 1584 and 84976.
16
What is the highest common factor of 142 and 729822?
2
What is the greatest common factor of 46748 and 557597?
31
Calculate the highest common divisor of 101783 and 27379.
209
What is the greatest common divisor of 980 and 1288232?
4
Calculate the greatest common factor of 1651528 and 353399.
3499
Calculate the highest common divisor of 7447445 and 41000.
205
What is the greatest common factor of 818934 and 902?
82
Calculate the greatest common divisor of 2861984 and 180064.
544
What is the greatest common divisor of 19817812 and 368?
92
Calculate the greatest common factor of 62365686 and 23352.
834
What is the greatest common factor of 551 and 1039699?
19
Calculate the greatest common divisor of 1123307808 and 1218.
1218
Calculate the greatest common factor of 671336 and 16616.
248
What is the highest common factor of 1082611393 and 2991?
997
Calculate the highest common divisor of 19163081 and 133.
7
Calculate the highest common factor of 165092 and 7639106.
554
What is the greatest common divisor of 479526084 and 36?
36
Calculate the highest common factor of 117745639 and 33.
11
Calculate the highest common factor of 33056 and 5699061.
1033
What is the greatest common factor of 10547787 and 3756?
939
What is the highest common factor of 1350067 and 101?
101
Calculate the highest common divisor of 2909 and 36542858.
2909
What is the greatest common divisor of 1059912 and 182628?
108
Calculate the highest common divisor of 310 and 223913.
31
Calculate the greatest common divisor of 7356162385 and 13.
13
What is the highest common divisor of 313040 and 6149?
559
What is the greatest common divisor of 14365 and 151519147?
2873
What is the greatest common divisor of 202 and 42415354?
202
What is the greatest common factor of 1141589 and 190903?
547
Calculate the greatest common factor of 35074 and 1128790.
494
What is the highest common factor of 44 and 5032214?
22
Calculate the highest common factor of 270 and 2817630.
90
What is the highest common factor of 5518535 and 464563?
2959
What is the highest common factor of 31 and 12377773?
31
What is the highest common divisor of 2770 and 8770?
10
What is the highest common divisor of 4123 and 32848809?
217
Calculate the highest common factor of 265067784 and 5472.
1368
Calculate the highest common factor of 715 and 10469250.
55
What is the highest common factor of 44 and 102921269?
11
What is the greatest common factor of 134754442 and 2388?
398
What is the highest common factor of 8071328 and 238?
34
Calculate the highest common factor of 194957394 and 136.
34
Calculate the highest common factor of 1064511486 and 72.
18
What is the highest common factor of 92750 and 9858?
106
Calculate the greatest common divisor of 25 and 15487040.
5
Calculate the highest common divisor of 2794 and 6065664.
22
What is the highest common divisor of 9810912 and 24336?
48
Calculate the greatest common factor of 41103 and 6822.
9
Calculate the highest common factor of 33 and 28933773.
33
Calculate the greatest common divisor of 31788031 and 87.
29
Calculate the greatest common factor of 37236 and 6467.
29
Calculate the greatest common divisor of 138623 and 17071319.
2069
What is the highest common factor of 8829 and 54811522?
109
What is the highest common divisor of 6944 and 14254048?
992
What is the highest common divisor of 59898 and 25276062?
894
What is the highest common factor of 10673850 and 825?
825
Calculate the greatest common divisor of 1148217 and 18929484.
10731
Calculate the greatest common factor of 5057 and 4346445987.
5057
What is the greatest common factor of 7380 and 468855090?
3690
Calculate the greatest common divisor of 1912 and 16878658.
478
What is the greatest common factor of 577 and 21527870?
577
Calculate the highest common divisor of 501 and 2391.
3
What is the highest common divisor of 2264 and 176875?
283
What is the highest common factor of 2306855 and 42360?
1765
What is the greatest common factor of 1578841 and 221?
17
Calculate the greatest common divisor of 162747 and 6084.
1521
What is the greatest common factor of 20574540 and 31185?
945
Calculate the highest common divisor of 6696 and 8950392.
216
Calculate the greatest common divisor of 24420 and 273484020.
2220
Calculate the greatest common divisor of 20958280 and 16576.
2072
Calculate the greatest common factor of 10 and 2052965290.
10
What is the greatest common divisor of 2030854 and 644?
322
What is the greatest common factor of 324 and 44917284?
12
What is the greatest common factor of 17 and 58110743?
17
Calculate the highest common factor of 535 and 144802565.
535
What is the highest common divisor of 16626 and 164304?
978
What is the greatest common factor of 19759887 and 5271?
21
What is the greatest common divisor of 550 and 2011790?
110
What is the highest common factor of 476 and 50739492?
68
What is the greatest common divisor of 9270 and 505746?
18
What is the highest common factor of 16945530 and 399?
399
Calculate the greatest common factor of 218367474 and 5382.
1794
Calculate the greatest common divisor of 79529513 and 3164.
791
Calculate the highest common factor of 233988 and 309801.
111
What is the greatest common factor of 4065912 and 319497?
1137
Calculate the highest common divisor of 1567 and 93366561.
1567
Calculate the highest common factor of 30207 and 1027.
1
Calculate the greatest common d